8 + -218. Let t = b + 282. Let w = 325 + t. Is w a composite number?
False
Let g be ((-20)/(-6))/((-6)/(-27)). Is 4/(-6) - (-1285)/g prime?
False
Let d = -10 - -10. Is -3 - ((-13)/1 - d) prime?
False
Let m = 176 + -85. Is m composite?
True
Let x(o) = -34*o + 15. Let z(v) = 35*v - 14. Let t(h) = -4*x(h) - 5*z(h). Is t(-5) prime?
False
Let s(z) = -52*z + 5. Let w(d) be the third derivative of -13*d**4/2 + 7*d**3/3 + d**2. Let u(k) = -17*s(k) + 6*w(k). Is u(-1) composite?
True
Is 0 - 6/27 - 30522/(-54) a prime number?
False
Suppose 2*d + 3*d = -10, -2*d = 5*h - 1. Suppose -v - h = 2. Is (74/v)/((-18)/27) a prime number?
True
Let u(g) = -5*g + 0*g + 2*g**3 - 2*g**2 + 2*g + 2 - 4*g**3. Is u(-3) a prime number?
True
Suppose 0*r + 49 = r + 3*n, 4*n = r - 63. Is r a composite number?
True
Let m(i) = 3*i**2 + 4*i + 1. Let s be m(-2). Is 8/40 + 664/s prime?
False
Suppose 0 = 4*z + 3 - 19. Let i(y) = 13*y**2 - 6*y + 1. Is i(z) prime?
False
Is 5980/30 - (-1)/(-3) a composite number?
False
Let o(j) = j**2 - 3*j. Let g be o(4). Is 4/4 - -212 - g composite?
True
Let q be (-2)/(-6) + (-4)/(-6). Is 1*(q - 2) - -15 a prime number?
False
Suppose -w - 3*x + 416 = -6*x, 4*w + 2*x = 1678. Is w composite?
False
Is (-89)/(3/9*-3) prime?
True
Suppose 7*o = 11*o - 40. Let p = o - 0. Is p prime?
False
Let p = -646 + 1097. Is p composite?
True
Let r = 485 - 236. Is r a prime number?
False
Suppose 5*x = 8*x - 1437. Is x composite?
False
Let i = 0 - -2. Suppose 0 = 4*p - 8. Suppose p*d = d - t + 34, 4*d + i*t = 142. Is d a composite number?
False
Let i be 4*(-3)/(-15)*5. Is (-122)/(-14) + i/14 composite?
True
Suppose -30 + 939 = 3*o. Is o composite?
True
Let r(b) = 23*b + 4. Let n be r(7). Suppose 0 = 4*w - 9*w + n. Is w a composite number?
True
Is 28/42 - 2377/(-3) composite?
True
Suppose 2*j = 4*d - 18, -3*d + 17 = -j + 1. Suppose -d = 3*t + 2. Is (-43)/t + (-8)/(-12) a composite number?
True
Let h(q) = 203*q - 1. Is h(4) a prime number?
True
Let i = 2464 - 929. Suppose 0 = 2*q + 4*g - 614, -3*q + 4*g = -8*q + i. Is q a prime number?
True
Suppose -4*o + 8*r = 4*r - 5576, 2*r = -5*o + 6991. Is o a composite number?
True
Suppose 5*d + 3*l - 15 = 0, 5*l + 6 = 2*d + 31. Suppose d*z + 220 = 4*z. Is z composite?
True
Let l be ((-10)/6)/((-3)/9). Let n(c) = -4*c**2 - 4*c + 2. Let i be n(l). Let g = i - -213. Is g a prime number?
False
Let x = 9 + -7. Is (-1 + x)*-1*-37 a prime number?
True
Let p(g) = -23*g + 7. Let s be p(-9). Suppose -3 = -2*d + m, 5*m = 4*d + 5 + 4. Suppose 3*k + 5*y - 149 = -0*k, -d*k = -y - s. Is k prime?
True
Is (-6)/2*422/(-6) a composite number?
False
Suppose 0 = 2*y + 4*x + 4, 0*y - 4*x - 24 = -3*y. Suppose 5*v = 3*v + y. Suppose v*k = 57 + 13. Is k a composite number?
True
Let y = -7 - -12. Let w be 20/(-6)*3/(-2). Suppose -i = -2*i + y*f + 31, 5*f - 35 = -w*i. Is i prime?
True
Let s(d) = 7*d**2 + 4*d + 13. Is s(6) a prime number?
False
Let p = 6 - 3. Let q(t) = -2 + 1 + p - 20*t - 3. Is q(-4) composite?
False
Suppose 6 = 3*f - 2*o, 0*f + 5*o = -f - 15. Suppose -4*j + 3*j - 9 = f. Is 7 + 1 + (-7 - j) composite?
True
Let a(d) = d**3 - 11*d**2 + d + 3. Is a(12) a composite number?
True
Suppose 0 = v + 2*u - 553 - 364, -5*v = 3*u - 4599. Is v a composite number?
True
Suppose 0 = -l - l. Let b be 15/(l - (-6)/8). Suppose -2*r = -b - 6. Is r a prime number?
True
Suppose 2*o + 17 = 315. Is o a prime number?
True
Let k = -9 + 11. Let n(c) = -c + 9. Let z be n(5). Suppose 0 = v - o - 35, -k*v - z*o - 32 = -114. Is v a prime number?
True
Suppose -8*j + 32892 = 4*j. Is j a composite number?
False
Is 1/(3/333 - 0) prime?
False
Let f be 9*(0 + (-22)/(-3)). Suppose 19 = 3*n + 5*h, h = 5*n + 4*h - 21. Suppose -i - f = -6*i - 4*u, -n*i - 4*u = -46. Is i a composite number?
True
Let m(a) = 38*a**2 + 7*a - 4. Let n(l) = 38*l**2 + 8*l - 5. Let t(f) = 6*m(f) - 5*n(f). Is t(-1) prime?
True
Let z(j) = 210*j. Let b be z(1). Let i = b - 101. Is i a composite number?
False
Let r(l) be the first derivative of 3*l**4/4 - l**3 + l**2/2 + l - 2. Is r(4) prime?
True
Suppose 5*w = 2*g - 287, -8*g + 585 = -4*g + w. Is g prime?
False
Let z = -38 + 145. Suppose -3*w - u = w - 87, 3*u - z = -5*w. Is w a prime number?
False
Let g = 39 + 14. Is g composite?
False
Let u = 7 - -2. Let t(h) = 13*h - 6. Let c(j) = -53*j + 25. Let x(y) = 2*c(y) + 9*t(y). Is x(u) a composite number?
True
Let f = -90 + 179. Is f composite?
False
Let a be -7 + 9 + (2 - -1). Let p be (a/4)/(1/24). Let y = p + -5. Is y a composite number?
True
Is (-11 + 10)*1*-1399 a prime number?
True
Suppose -44 = 3*y + y. Let l = 174 - 98. Let z = y + l. Is z composite?
True
Is (-3 + 1)*(-446)/4 a prime number?
True
Suppose -z + 736 = 4*x, 0*x - 3*x = -5*z - 575. Let n = x - 54. Is n a prime number?
True
Let p(t) = 6*t - 10. Is p(6) composite?
True
Let g(u) = 13*u**2 - 2*u - 2. Is g(3) a prime number?
True
Suppose 4*n - 7 - 6 = -5*m, 3*n = 5*m - 34. Is (0 - 5)*(-26)/m a composite number?
True
Let s be 2/2*1465 - 0. Suppose -6*b = -b - s. Is b a prime number?
True
Let y = 16 + -16. Suppose 2*w - 658 = -y*w. Is w a composite number?
True
Suppose -4*f + 32 + 16 = 0. Let n = 3 + f. Is n a prime number?
False
Let h(u) = 114*u**3 - 2*u**2 - u + 2. Is h(1) composite?
False
Suppose 3*p - 18 = 3*n - 6, 2*p - 5 = n. Let g be 1*(-2 - -3 - p). Suppose -q - 3*q + 484 = g. Is q a prime number?
False
Let s = -180 - -326. Is s a prime number?
False
Let s(y) = 25*y**3 + 3*y**2 + 7. Is s(3) a composite number?
False
Let g(c) = -c**3 + 2*c + 1. Let r be g(-1). Suppose -4*n + 268 + 384 = r. Is n a prime number?
True
Let x(o) = o**3 - 4*o**2 - 3*o - 3. Let p(u) = -u**3 - 8*u**2 + 8*u - 4. Let g(n) = -8*n**2 - 1. Let t be g(1). Let y be p(t). Is x(y) a prime number?
True
Let w(c) = -c - 5. Let y be 2/(-9)*-3*-9. Let z be w(y). Is (-714)/(-8) + z/(-4) composite?
False
Suppose 3175 + 12195 = 10*i. Is i composite?
True
Let j = -75 + 110. Suppose -i + 134 = -j. Is i a composite number?
True
Let n(f) = -9*f - 1. Let v be (20/12)/(-5)*9. Is n(v) composite?
True
Suppose -2*n = 119 + 77. Let j = n + 177. Is j a prime number?
True
Let n = 155 - -51. Let i = n + 125. Is i a composite number?
False
Let t = -22 - -29. Is t a prime number?
True
Let r(w) = -80*w**3 - w**2 + w + 1. Let v = 9 - 5. Suppose f = -v*f - 5. Is r(f) prime?
True
Let q(p) = 7*p**2 + 3*p - 1. Let n be q(2). Suppose -1352 + 464 = -6*m. Let j = m - n. Is j a prime number?
False
Is (-14001)/(-19) - (-4)/38 prime?
False
Suppose n + 0*n = -2*r - 6, 4*r + 12 = 5*n. Let y(k) = -k**3 - 4*k**2 - k - 3*k - 1 + n*k. Is y(-3) a composite number?
False
Let h = -3190 - -8021. Is h composite?
False
Suppose 0 = -5*t - 4*n - 3787, t + 441 = 3*n - 324. Let a = -348 - t. Is a composite?
True
Let v(c) = -c**2 - 12*c + 10. Let b(k) = 2*k**2 - 6*k - 6. Let g be b(5). Let l = 5 - g. Is v(l) composite?
False
Suppose 0 = -2*b - 4*t - 2, 4*b - 4*t = -2*t - 44. Let d = -13 - b. Is (14/d)/(2/(-8)) a prime number?
False
Suppose -15 = -5*m - 0. Suppose -5*q = -4*g + 981, 0 = -2*g + m*g - 3*q - 254. Is g composite?
False
Suppose -2*g - 2*g = -4. Let f(q) = 2*q + 1. Let d be f(g). Suppose -52 - 118 = -2*l + 3*v, 0 = d*v. Is l composite?
True
Is (-3513)/4*(0 + 4/(-3)) prime?
True
Suppose 3*b - y - 3414 = 0, -5*b - y - 1002 = -6700. Is b composite?
True
Suppose 0 = -5*u - 0*u + 15. Suppose -23 = -5*a - u. Suppose s = 4*c - 87, 5*c = c - a*s + 92. Is c a prime number?
False
Let m(d) = d**2 - 7*d + 2. Let p be m(7). Suppose -5*v - 16 = -4*y - 1, -2*y + p*v + 8 = 0. Suppose 3*a - 5*j = 32, y*a + 1 = -2*j + 75. Is a a prime number?
False
Suppose -5*o + 5*i + 3450 = -0*i, 0 = 5*i - 5. Is o prime?
True
Let j = 5 - 7. Let f = 0 - j. Is (5/(-3))/(f/(-42)) a composite number?
True
Suppose 2*i + 36 = -124. Let v = i + 222. Is v a prime number?
False
Let u(o) = -19*o + 4. Let l(r) = -6*r + 1. Let k(y) = -7*l(y) + 2*u(y). Let n(z) = z**2 + 5*z + 3. Let q be n(-5). Is k(q) composite?
False
Suppose 3*k - 7*k + 16 = 0. Suppose 5*j = -n + 11, k*n = -3*j + 6*j - 2. Suppose 1 = j*m - 153. Is m a prime number?
False
Let m = 2 + 3. Let u(b) be the second derivative of 14*b**3/3 + b**2/2 - 7*b. Is u(m) a prime number?
False
Let j(w) = 9*w**3 - 4*w**2 + 2*w - 2. Is j(3) prime?
True
Let c(a) be the third derivative of -a**6/120 - a**5/20 + a